2*a, 2*a + 0 = -5*o + 15. Suppose a = 6*w - 2*w - 104. What are the prime factors of w?
2, 13
Suppose 0 = -2*j + 2 + 8. What are the prime factors of ((-4)/j)/((-2)/45)?
2, 3
Let d(b) = -b**2 - 13*b - 8. Let s be d(-11). List the prime factors of s/(-77) - 400/(-22).
2, 3
Suppose 6*f = 9*f - 3. What are the prime factors of 14*f/3*6?
2, 7
Let k(d) = d**2 - 9*d - 12. Let n be k(11). Suppose -v = v - n. What are the prime factors of v?
5
Suppose 7*y = 3*y - 8. Let d be y - -8 - (-1 + -2). List the prime factors of -6*(0 + (-12)/d).
2
Suppose -100 = 14*l - 16*l. Suppose -5*n + l = -a, 0 = 2*a - a. List the prime factors of n.
2, 5
Let u be 19/(-6) - (-3)/18. List the prime factors of ((-6)/u)/(10/115).
23
Let j(u) = 3*u**2 - 11*u + 3. What are the prime factors of j(6)?
3, 5
Suppose -x + 8 = x. Suppose 3*u = 2*u + 3*n + 10, -u + x*n + 14 = 0. Let t(y) = -2*y**3 - y**2 + 2*y + 2. List the prime factors of t(u).
2, 5
Suppose 5*x + 2*s = 242, -51 = x - 2*x - 3*s. What are the prime factors of x?
2, 3
Let y = 94 + -63. List the prime factors of y.
31
Suppose 2*a = 258 + 260. What are the prime factors of a?
7, 37
Suppose 18 = -3*z - 0*z. Let c = z + 12. Let m = c - 4. List the prime factors of m.
2
Let s = -19 - -23. What are the prime factors of ((-78)/s)/(7/(-14))?
3, 13
Suppose -y + 4*y = 24. Let g = 0 + -3. Let v = y + g. What are the prime factors of v?
5
What are the prime factors of ((-590)/40)/(2/(-24))?
3, 59
Let a(o) = -4*o**3 - o. Let u be a(-1). Suppose b - 2*b = 4*f - 14, u*b = 4*f - 2. Suppose -25 = -f*k + 2. List the prime factors of k.
3
Suppose 2*j - 2 = -i, -2*j = j + 3*i + 3. Suppose -3*y - 46 = -8*y + j*t, -3*t = 4*y - 26. What are the prime factors of y?
2
Suppose -4*b = -7*b + 57. What are the prime factors of b?
19
Let o(j) = j**2 - j - 9. Suppose -u = z + 7, -u + 3 + 2 = -z. List the prime factors of o(z).
3, 11
Let i(t) = 56*t + 11. Let o(h) = -28*h - 5. Let d(j) = 2*i(j) + 5*o(j). List the prime factors of d(-1).
5
Let u be (-24)/8*(-1 - 0). Suppose 2*f + x = 90, -u*f + 2*x = -3*x - 135. List the prime factors of f.
3, 5
Suppose -4*x + x - 45 = 0. Let i = -10 - x. Let p = i - -11. List the prime factors of p.
2
Let n(o) = -21*o + 33. List the prime factors of n(-7).
2, 3, 5
Suppose 65 + 58 = 3*y. Let k = -15 + y. What are the prime factors of k?
2, 13
Suppose -4*v - 3*d + 71 = 0, 3*v - 27 = -0*v + 3*d. What are the prime factors of v?
2, 7
Let b = 52 - 33. Let n = -6 + b. List the prime factors of n.
13
List the prime factors of 44 + (0 - (-2)/(-2)).
43
Let h(u) be the third derivative of u**5/6 + u**4/4 + u**3/6 - 2*u**2. Let v(g) = g. Let p(a) = h(a) - 5*v(a). List the prime factors of p(-1).
2, 5
Suppose -3*j + 128 = -139. What are the prime factors of j?
89
Let w(u) be the second derivative of u**4/12 + 2*u**3/3 + 2*u**2 - 3*u. List the prime factors of w(-6).
2
List the prime factors of ((-1692)/(-16))/(-9)*-16.
2, 47
Let m = 291 - 168. List the prime factors of m.
3, 41
Let l = 14 - 8. List the prime factors of l.
2, 3
Let t(i) = -2*i. Let m(l) = 2*l - 7. Let s be m(5). Let d be t(s). Let u = 17 + d. List the prime factors of u.
11
Let a(l) = l**2 - 6*l - 3. Let c be a(5). Let u(k) = k**2 + 7*k - 4. List the prime factors of u(c).
2
Let t(d) = 3*d - 5*d + d. Let g be t(0). List the prime factors of g + 0 + -1 - -8.
7
Suppose -3*a - 11 = -35. Let f(t) = -t**3 + 7*t**2 + 9*t - 12. Let r be f(a). Let v(p) = -p**2 - 7*p - 6. List the prime factors of v(r).
2, 3
Let c(l) = l**2 - 10. List the prime factors of c(-7).
3, 13
Let c = -1 + 4. Suppose 0*l - c*t + 2 = -2*l, 2*l + 2*t - 8 = 0. What are the prime factors of l?
2
Let c be (4 + -2)/((-1)/2). Suppose -5*q - 22 = -7. What are the prime factors of (-14)/c - q/2?
5
Let m(h) = h**3 - 4*h**2 - 8*h - 1. What are the prime factors of m(6)?
23
Let k(x) = -x**2 - 6*x + 6. Let w be k(-7). List the prime factors of 3/((-28)/(-16) + w).
2
Suppose -t = -2*t + 1. List the prime factors of (t - 13)/(-3) + 27.
31
Suppose -18 = -4*o - 2. Let b(g) = g**3 - 4*g**2 + g - 1. What are the prime factors of b(o)?
3
Let r = 6 - 10. Let o(y) = y**3 + 5*y**2 + y - 5. List the prime factors of o(r).
7
Suppose 20 = 4*t - 0. Let j(f) = -f**3 + 0 + 0*f**3 + 7 - 5*f**2 + t*f. What are the prime factors of j(-6)?
13
Suppose m + 6 = 3*m. Let d = m + -2. Let k = 3 - d. What are the prime factors of k?
2
Suppose -4*z + z = -6. Suppose -4*k + k - q = -14, 5*k - z*q = 27. What are the prime factors of k?
5
Let x(q) = -q**2 - 7*q - 2. Let a be x(-7). Let z = 1 - a. Suppose z*w + 9 - 25 = -2*d, w - 16 = 2*d. List the prime factors of w.
2
Suppose -3*s + 24 = w, -4*w + 0*s - 3*s = -78. What are the prime factors of w?
2, 3
What are the prime factors of 12/(-20) - 132/(-20)?
2, 3
Suppose -k - 2*d = k - 68, 5*d - 59 = -2*k. List the prime factors of k.
37
Let m(h) = -h**3 - 4*h**2 + 6*h + 6. Let a be m(-5). Let z be a*6*18/27. What are the prime factors of (-2 + 5)*(z - 3)?
3
Suppose 2*i + 22 = -4*g, -2*i = -5*i - 4*g - 25. List the prime factors of (-4*11)/(6/i).
2, 11
Suppose 3*i - 2*i = 2, -i = f + 18. Suppose 4*u - u = -3*n - 459, 0 = -2*n + 4*u - 276. What are the prime factors of n/f + (-2)/5?
7
Let l(y) = -3*y**2 + 6*y - y + 2 + 2*y**2 + 2. Suppose 5*d = -0*d + 20. List the prime factors of l(d).
2
Suppose -4*f - i + 5 = -16, 5*f - 4*i = 0. Suppose -10 = -4*l - 4*w + 3*w, f*w - 8 = 0. List the prime factors of l.
2
Let b(t) = -5*t - 2. Let j be 68/(-8) + 3/2. List the prime factors of b(j).
3, 11
Let r(k) = -7*k**2 + 6. Let p(m) = -m**2 + 1. Let h be (-13)/(-2) - 1/2. Let g(z) = h*p(z) - r(z). What are the prime factors of g(3)?
3
Let v(d) = -4*d - 14. What are the prime factors of v(-6)?
2, 5
What are the prime factors of (-2)/4 + 249/6?
41
Let x(i) = i**3 + 4*i**2 + 3*i. Let s(a) = -a**2 + 2*a**2 + 3*a - 2 - 2*a**2. Let j be s(3). List the prime factors of x(j).
2
Let z(c) = -35*c**2 + 3. Let v(a) = -3*a - 2. Let o be v(-3). Let p(g) = 53*g**2 - 4. Let q(r) = o*z(r) + 5*p(r). List the prime factors of q(1).
3, 7
Let t(l) = -6*l - 8. What are the prime factors of t(-9)?
2, 23
Suppose -2*r - 1 = -3. Suppose -s = l - 16, -s + 5 - r = 4*l. What are the prime factors of s?
2, 5
Let f(g) = -g**3 + 8*g**2 - 6*g + 8. Let d be f(6). Suppose 4*l - 2*x = 16 + 26, x = -3*l + d. List the prime factors of l.
13
Let u be (0 - 0)/((-2)/1). Suppose u*g - g = 5*o - 19, -20 = -4*o. Let v(b) = -b**2 - 5*b + 8. What are the prime factors of v(g)?
2
Let p be (4 - 4)*(1 - 2). Let l be (-3)/(-9)*(p - -3). List the prime factors of (-3)/(-5)*l*15.
3
Let r be ((-24)/(-16))/(2/4). Let a(b) = 18*b - 4. What are the prime factors of a(r)?
2, 5
Suppose -7*f + 3*f = 0. Suppose a + a + p + 102 = 0, f = 3*p + 6. Let k = -29 - a. What are the prime factors of k?
3, 7
Let x be (5 + -3)*14/4. Suppose 4*c = 2*z + 2, -2*c + 2 = z + x. List the prime factors of -1 - (6/z - 6).
7
Suppose 2*k - 284 = -5*x, 2*x - 695 = -5*k - 3*x. What are the prime factors of k?
137
Let n(f) = f**2 + 5*f - 16. List the prime factors of n(13).
2, 109
Suppose 4*p - 292 = 380. What are the prime factors of p?
2, 3, 7
Let l(o) = -3*o - 2. Let q be l(-2). Suppose -3*r + 15 = 4*n, -3*r + q*n = 2*r - 57. List the prime factors of r.
3
Suppose 4*y - 5*y + 11 = 0. List the prime factors of y - (0 - (1 - -2)).
2, 7
Let k(a) = -6*a - 5. Let m(q) = -q - 1. Let d(c) = -k(c) + 3*m(c). What are the prime factors of d(2)?
2
Let r = 78 - 8. Suppose -5*d - 4*v - 32 = -113, -2*v - r = -4*d. What are the prime factors of d?
17
Suppose -5 = -2*b - 15. What are the prime factors of (-2 - 1) + (-145)/b?
2, 13
Let y(g) = g**2 + 6*g + 25. What are the prime factors of y(-13)?
2, 29
Suppose 6*y - 15 = y. Let l = 22 + y. List the prime factors of l.
5
Let u(f) = f**2 + 6*f + 5. Let z be u(5). Suppose 5*n = 5*y + z, -4 = -3*n - 8*y + 3*y. List the prime factors of n.
2
Let o(s) = s**3 + 5*s**2 - 7. Let l be o(-7). Let i = -73 - l. List the prime factors of i.
2
Let d be (0/(-1))/(-4 + 5). Suppose 0 = 5*n - l - 0*l - 16, -4*l + 16 = d. Suppose 0 = n*a + a - 45. List the prime factors of a.
3
What are the prime factors of (11853/108)/(2/8)?
439
Suppose 4*p - p - 45 = 0. What are the prime factors of 8/(-10)*p/(-6)?
2
Let m(d) = -d**2 + 7*d + 2. Let x(r) = r**3 + 5*r**2 + 5*r + 2. Let